number?
True
Is 22361277521 a prime number?
False
Is 563318141 a composite number?
False
Is 1678896227 a prime number?
False
Is 165590959 a prime number?
True
Is 639448273 composite?
False
Is 2198618077 composite?
False
Is 166747083287 a composite number?
False
Is 30369385139 prime?
True
Is 112600489 a composite number?
False
Is 2817735121 a composite number?
False
Is 17840546149 a composite number?
False
Is 12919511257 prime?
True
Is 161700797 composite?
False
Is 927724087 prime?
False
Is 981601087 a prime number?
True
Is 11427183051 a prime number?
False
Is 7376520719 prime?
True
Is 63871583873 a prime number?
False
Is 28136045851 composite?
False
Is 20446204069 a prime number?
False
Is 418067311 a composite number?
False
Is 14021039089 prime?
True
Is 9461962903 a composite number?
True
Is 6143615133 prime?
False
Is 41386004221 composite?
False
Is 1530358001 a prime number?
False
Is 451564703 prime?
True
Is 9028704889 composite?
True
Is 1968868019 composite?
False
Is 99849402677 composite?
False
Is 4666815047 prime?
True
Is 9928157333 a prime number?
True
Is 3494228951 composite?
False
Is 3587106409 a prime number?
False
Is 514142471 prime?
False
Is 21246535 composite?
True
Is 47958216539 a composite number?
False
Is 951970321 composite?
False
Is 65507525189 a prime number?
False
Is 1773116351 composite?
True
Is 572853767 a prime number?
True
Is 1088512309 prime?
True
Is 8477635013 prime?
True
Is 3061860163 composite?
False
Is 1639891397 a prime number?
False
Is 92359969141 composite?
True
Is 29377318591 a prime number?
True
Is 14175421547 a prime number?
False
Is 3890022901 prime?
True
Is 6900944753 a prime number?
True
Is 9476777143 composite?
True
Is 24492561193 a composite number?
False
Is 3825178703 a prime number?
True
Is 381537593 a composite number?
True
Is 19654231 a prime number?
True
Is 317659057 a composite number?
False
Is 46964218711 a composite number?
True
Is 45934476797 a prime number?
False
Is 179471623609 prime?
False
Is 11250753413 prime?
True
Is 426647965 prime?
False
Is 189633546613 prime?
False
Is 105102377 a composite number?
True
Is 149525670431 composite?
True
Is 145351582291 a composite number?
True
Is 1772736583 a composite number?
False
Is 22767291901 a prime number?
False
Is 27689036957 a composite number?
False
Is 1498864979 composite?
True
Is 100934599 prime?
True
Is 149166971 composite?
False
Is 1249806829 a composite number?
True
Is 183784067 composite?
False
Is 2734590091 prime?
True
Is 213652051 a prime number?
True
Is 2696048209 a composite number?
False
Is 26829883859 a prime number?
False
Is 976357513 a composite number?
False
Is 63539911355 composite?
True
Is 346566167 a composite number?
False
Is 85803761 a prime number?
True
Is 15003387551 prime?
True
Is 1493588989 composite?
True
Is 2045737801 composite?
False
Is 258725487929 prime?
True
Is 25071537203 composite?
False
Is 149999945977 composite?
True
Is 321244871 composite?
True
Is 173987383 composite?
False
Is 111599713091 a composite number?
False
Is 1173788767 prime?
False
Is 97068244837 prime?
False
Is 31943283817 a composite number?
True
Is 19471056961 prime?
True
Is 1681077439 a prime number?
True
Is 2293670537 a composite number?
False
Is 66161597603 composite?
False
Is 53621646807 a prime number?
False
Is 6902148343 composite?
False
Is 5282006251 prime?
False
Is 78527175911 prime?
False
Is 348873121 a composite number?
False
Is 9342262037 prime?
False
Is 427110631 a composite number?
True
Is 8831717117 composite?
False
Is 6889776367 a prime number?
True
Is 312151043 a prime number?
True
Is 510829284649 prime?
True
Is 76394482167 composite?
True
Is 91957638707 composite?
True
Is 230419493258 a composite number?
True
Is 4318666777 composite?
True
Is 111644783 a composite number?
True
Is 110861117 a composite number?
True
Is 1391739101 a prime number?
True
Is 133809971 prime?
True
Is 148744993 prime?
False
Is 759860119 a composite number?
True
Is 652192129 a prime number?
True
Is 33555626317 a prime number?
True
Is 5811475091 composite?
True
Is 2068657489 composite?
True
Is 30959871806 prime?
False
Is 280157597 a prime number?
True
Is 251618933 prime?
True
Is 16588983 prime?
False
Is 289714287 a prime number?
False
Is 2565048623 prime?
False
Is 182685645929 prime?
True
Is 5331230339 composite?
False
Is 38532430793 a composite number?
False
Is 668029213 a prime number?
True
Is 128225333 a prime number?
False
Is 6162548461 a composite number?
True
Is 967269209 a prime number?
False
Is 3680737169 a prime number?
True
Is 91411747 a composite number?
True
Is 34072574449 prime?
False
Is 165334327 a prime number?
False
Is 2573611639 composite?
False
Is 2096862673 a composite number?
False
Is 2379133219 prime?
True
Is 378250687 a composite number?
True
Is 1140496249 composite?
False
Is 128473751 a prime number?
False
Is 691483627 a composite number?
True
Is 506302903 a composite number?
False
Is 1243949397 prime?
False
Is 1729136093 prime?
True
Is 16148606603 prime?
True
Is 62167017799 composite?
False
Is 1921389523 a prime number?
True
Is 10245821797 a prime number?
True
Is 4263836539 a prime number?
True
Is 696176023 a composite number?
True
Is 192269239 prime?
True
Is 31813304851 composite?
True
Is 201981733 a composite number?
False
Is 178442176987 composite?
False
Is 54535799 a composite number?
False
Is 17848518407 composite?
True
Is 12637769161 a prime number?
False
Is 155225659 prime?
True
Is 299531321 a composite number?
True
Is 91035866395 prime?
False
Is 1902942791 a composite number?
False
Is 100903801 prime?
True
Is 662704187 composite?
False
Is 36091246531 a prime number?
False
Is 144922494229 a prime number?
True
Is 545939196503 prime?
False
Is 6936887721 a prime number?
False
Is 617188129 composite?
True
Is 6171020161 a prime number?
False
Is 1120786201 composite?
False
Is 141236507 composite?
False
Is 861580361 a composite number?
True
Is 3060375779 a composite number?
False
Is 1530816409 a composite number?
False
Is 146278438223 a composite number?
False
Is 401873455097 a composite number?
False
Is 3652446701 prime?
False
Is 1122310559 a prime number?
False
Is 5888408497 a prime number?
True
Is 441926321 a composite number?
True
Is 34921225533 prime?
False
Is 9640946591 a prime number?
False
Is 18341789759 composite?
False
Is 1774086971 a composite number?
False
Is 22838388869 prime?
True
Is 7700959819 composite?
True
Is 24912580547 composite?
False
Is 5997394717 a composite number?
False
Is 763918999 prime?
False
Is 123292368839 a composite number?
False
Is 2582257885 prime?
False
Is 1176776857 composite?
False
Is 20242556521 composite?
True
Is 84050338787 a composite number?
False
Is 2275272253 prime?
True
Is 184779779 prime?
False
Is 1869623571 composite?
True
Is 1672747031 a composite number?
False
Is 1246284601 composite?
True
Is 116581939 a prime number?
True
Is 4984167739 a composite number?
True
Is 6598402703 composite?
False
Is 5410432234 prime?
False
Is 603981439 composite?
False
Is 338333406053 a composite number?
False
Is 4410235777 prime?
True
Is 613963447 a prime number?
False
Is 356478461 a prime number?
False
Is 880572601 composite?
True
Is 4628446447 a prime number?
True
Is 6460189627 composite?
False
Is 67821613 prime?
False
Is 12855901369 composite?
False
Is 2554846769 composite?
True
Is 1236317377 a prime number?
False
Is 72784993 prime?
False
Is 8665224671 prime?
True
Is 40233617 prime?
False
Is 142434845387 prime?
False
Is 41319847909 a composite number?
False
Is 7707229291 a prime number?
False
Is 618670907 a prime number?
False
Is 2624234227 composite?
True
Is 9532960537 prime?
True
Is 117253800479 prime?
True
Is 128566306741 a prime number?
False
Is 4281332707 a prime number?
True
Is 29184451843 prime?
False
Is 1544779153 a prime number?
False
Is 47724901019 prime?
True
Is 37304654203 composite?
False
Is 525651067 composite?
True
Is 60196457981 a composite number?
True
Is 32213022355 a composite number?
True
Is 4275947531 composite?
False
Is 14833969363 prime?
True
Is 478617781 prime?
True
Is 13832079769 prime?
False
Is 703109393 composite?
True
Is 3642310173 a composite number?
True
Is 55407467593 composite?
True
Is 93792421 prime?
False
Is 34939566203 a composite number?
True
Is 23938263617 a prime numb